at is the units digit of q(v)?
6
Let l = -168 + 173. Suppose 0 = -2*o + l*o - 2640. What is the tens digit of o?
8
What is the thousands digit of ((-216)/(-4) + -5)/(1/23)?
1
Suppose 4*k + 24 = 0, -2*v + 829*k - 826*k + 40110 = 0. What is the thousands digit of v?
0
Let r(l) = 2*l**2 - 19*l - 57. Let s be r(12). Suppose 3*i - 4*t - 467 = 0, s*t - 631 = 20*i - 24*i. What is the units digit of i?
7
Suppose -4*n + 7 + 9 = 0. Let x(i) = -5*i + 12 + 3 + 11*i - n*i. What is the tens digit of x(9)?
3
What is the tens digit of (-32)/104 + (-1395114)/(-273)?
1
Let t(a) = 4201*a - 5912. What is the tens digit of t(8)?
9
What is the thousands digit of 1/(-24)*-2 + (26733995/(-60))/(-53)?
8
Suppose 30*u - 27*u - 12 = 0. Suppose -2*c - b = -910, 2*c + 4*b - 702 = 202. Suppose -u*l = -l - c. What is the tens digit of l?
5
Suppose -2*g + 2 + 0 = 0. Let p = -632 + 631. What is the hundreds digit of (p + 2/g)*169?
1
Let o(s) = s + 750. Let b be o(0). Let z = b + -455. What is the hundreds digit of z?
2
Suppose 8*b - 19 = -11, 2*h = 4*b + 17076. What is the thousands digit of h?
8
Let x = -134 + 136. Suppose -x*z + 1187 = -l, 0 = -3*z - 6*l + l + 1761. What is the units digit of z?
2
Let g(y) = 2*y - 7*y - 8 + 13*y**2 - 12*y**2. Suppose u + 2*c - 4 = -3, 5*c = -5*u + 30. What is the tens digit of g(u)?
5
Suppose -3*z + 5516 = 2*z - l, 5*z - 3*l - 5508 = 0. Suppose 9*k - 3624 = -z. What is the hundreds digit of k?
2
Let m(j) = -36284*j**3 - 5*j**2 + 9*j + 13. What is the thousands digit of m(-1)?
6
Suppose 0 = -0*v + 3*v + 15. Suppose -4*x + 5*x = -78*x - 85004. What is the hundreds digit of x/(-10) - 2/v?
1
Let i(u) = u**3 - 25*u + 757*u**2 - 759*u**2 - 1 - 8. What is the hundreds digit of i(8)?
1
Suppose -m - 7 = -t + 1, -t + 35 = -4*m. Let r(j) = -9*j - 98. Let x(w) = -37*w - 392. Let y(b) = m*r(b) + 2*x(b). What is the tens digit of y(0)?
9
Suppose 17*a - 450 = -4*d + 20*a, 122 = d + 4*a. Let b = 783 - d. What is the units digit of b?
9
Let z = -310 + 527. Let f = z - -131. Suppose -5*b + f = -87. What is the units digit of b?
7
Suppose -18*l - 9984 = -42*l. What is the tens digit of l?
1
Let j(b) be the third derivative of b**5/3 - b**4/6 + 5*b**3/6 + 762*b**2. Suppose 5*g - 12 = -3*p, -4*p = -9*p - 5. What is the tens digit of j(g)?
7
What is the hundreds digit of (197024/13 - 4/(-26)) + (-2)/(-13)?
1
Let d(i) = -i**3 - 10*i**2 - 32*i - 13. Let w be d(-13). Suppose -j - 6*j + w = 0. Suppose -5*k - j = -765. What is the units digit of k?
7
Let w(b) = 4856*b + 534. What is the ten thousands digit of w(2)?
1
Suppose 0 = 410*m - 422*m + 39816. What is the thousands digit of m?
3
Suppose 23*k + 11*k = 0. Suppose 0 = -5*p + 4*n + 1506, -2*p - 4*n + 769 - 161 = k. What is the tens digit of p?
0
Let m = -3708 + 2570. What is the hundreds digit of (m/(-8))/((-2 - 9)/(-132))?
7
Let i be (-14)/(-217) - 28752/(-248). What is the units digit of 3*1*i - (-137 - -131)?
4
Suppose -5*z + 2*s - 4605 = 0, 4*z + 3702 = s - 3*s. Let k = 1908 + z. What is the hundreds digit of k?
9
Let z(f) = -823*f - 3068. What is the tens digit of z(-44)?
4
Let o(k) = 21*k**2 - 260*k - 365. What is the units digit of o(35)?
0
Suppose 4*x - 837 = 1951. Suppose x - 141 = 4*u. Suppose -8*k - 27 = -u. What is the units digit of k?
4
Let z = 13880 + 9441. What is the hundreds digit of z?
3
Let s(i) = 24 - 68*i - 77*i + 58 + 49*i + 12*i. What is the hundreds digit of s(-13)?
1
Let h(k) = 29*k + 75. Let x be h(11). Suppose 395*j = x*j + 265. What is the tens digit of j?
6
What is the tens digit of 8/(-5)*(-10 - 157950/20)?
5
Let i(r) = r**3 - 13*r**2 - 2*r + 16. Let f be i(13). Let q be 66/8 + f/40. Suppose -p + 36 = 2*j, -5*j + q = -j. What is the units digit of p?
2
Suppose -163*g + 174*g = -11. Let n = 0 + 1. What is the tens digit of n*(-1 + g) + 197?
9
Let d(u) = -157*u**3 + 2*u**2 + 2*u - 2. Let t(o) = o**3 + o**2 - o + 1. Let k(p) = -3*d(p) + 6*t(p). What is the units digit of k(1)?
7
Suppose 3*j + 10 = 4*j - x, 0 = -j - 2*x - 5. Suppose 0 = -13*s + j*s + 40. What is the hundreds digit of 118 + 0 - (s - 6) - -2?
1
Suppose 2*v + 4 = 4*f, f - 6*f - 2*v + 23 = 0. Suppose 20 = 4*c + 5*a - 629, 5*c - 808 = -f*a. What is the units digit of c?
1
Suppose 8*n = -q + 11510, -2*n = -4*q + n + 46110. What is the ten thousands digit of q?
1
What is the tens digit of (4177602/(-468))/(-2 - 3/(-2))?
5
Let j be 54080/140 - 4/14. What is the hundreds digit of (-3 - -2 - 4 - -6)*j?
3
Let v = 4459 - 1955. What is the units digit of v?
4
Suppose -4*q = 3*z - 122138 - 9051, -4*q + 5*z = -131133. What is the thousands digit of q?
2
What is the thousands digit of 4145154/95 + ((-48)/30)/(-2)?
3
Let c be 2 + (-10)/8 - 243/324. Suppose 6*r - 11*r - 5*u + 4785 = c, 0 = -5*u - 10. What is the units digit of r?
9
Let x(t) = 4*t**2 - 54*t + 253. What is the units digit of x(6)?
3
Let w = 16531 + -10496. What is the units digit of w?
5
Suppose -204*z = -200*z - 20. Suppose 4179 = z*j + d, 2*j + 5*d - 1857 = -167. What is the hundreds digit of j?
8
Let s(m) = 761*m**3 - 8*m**2 + 61*m - 215. What is the tens digit of s(4)?
0
Suppose 5*f - 6589 = 2*b, -3*f - 765 = -b - 4062. Let t = -1483 - b. What is the thousands digit of t?
1
Suppose -5*q - 617 = -2*k + 256, 5*k = q + 2194. What is the hundreds digit of k?
4
Let t = -1070 + 14322. What is the tens digit of t?
5
Suppose z - 5*p = 2811, -3*p - 11159 = -4*z - 0*p. Let w be 8/(-24) + z/6. Suppose 0 = 5*d - 3*j - w, 193 = 2*d - 3*j + 11. What is the units digit of d?
4
Let t(v) = 543*v + 3793. What is the tens digit of t(15)?
3
Let d(l) be the first derivative of -l**4/4 - 4*l**3 + 17*l**2 + 10*l + 72. What is the hundreds digit of d(-15)?
1
Suppose -2791876 = -34*b - 325448. What is the thousands digit of b?
2
Let c = 125 - 57. Suppose 1659 = -63*w - 609. Let l = w + c. What is the units digit of l?
2
Suppose 0*a = 5*a + 3*c + 75, -4*a = -5*c + 60. Let l be (1797/a)/(2/(-10)). Let w = l + -403. What is the units digit of w?
6
Let f be 14/18 + (-10)/(-45). Let n(m) be the third derivative of 13*m**4/4 - m**3/6 + 137*m**2. What is the tens digit of n(f)?
7
What is the thousands digit of (4/(-12) - 1)*(-235782)/6?
2
Let y be 1/4 - 23/(-4). Let f be (-3)/(-18) - (-29)/y. Suppose -f*z - 2*l + 94 = -36, -l + 125 = 5*z. What is the units digit of z?
4
Let z = 11803 + -11809. Let i(h) = 34 + 9 + h - 2*h. What is the units digit of i(z)?
9
What is the tens digit of (-54)/(-27) + (2073/6)/((-2)/(-4))?
9
Suppose 0 = -11*v + 1 - 67. Let j = v + 9. Suppose -37 - 2 = -j*k. What is the tens digit of k?
1
Let i = -36450 - -55880. What is the thousands digit of i?
9
Suppose 2*u + u - 15 = 0. Suppose -14*t + 23*t + 108 = 0. Let n = u - t. What is the tens digit of n?
1
Suppose -i = -5*a + 15, 5*a + 13 - 38 = 3*i. Suppose -5*w = l - 361, -7*w = a*l - 4*w - 750. What is the tens digit of l?
8
Suppose 3 = 7*o - 53. Suppose -25 = 5*t, -3*t + o*t + 25 = 2*d. Suppose -3*p + 157 - 37 = d. What is the tens digit of p?
4
Let u = -1867 + 6275. What is the hundreds digit of u?
4
Let t = 2 + -1. Let i be 1 - ((-2)/1 + t). What is the units digit of (-24)/(0 + i + -3)?
4
Let f = 628 + 5522. What is the thousands digit of f?
6
Let z = -149 - -157. Let c be (1796/6*(-12)/z)/1. Let n = c + 705. What is the hundreds digit of n?
2
Suppose -o - 9057 = -2*x, 5*x + 7*x - 54339 = 3*o. What is the hundreds digit of x?
5
Suppose -48 - 2040 = -2*m + 4*r, -4*m - 5*r + 4241 = 0. Let d = -769 + m. What is the tens digit of d?
8
Let v(z) = 41*z - 8. Let s = -225 + 230. What is the tens digit of v(s)?
9
Let s be ((-2)/(2/59))/(-1). Let c = -65 + 49. Let t = c + s. What is the units digit of t?
3
Suppose 17*o - 30*o = -31616. Suppose m - o = -2*t - m, 4*m = -5*t + 6076. What is the units digit of t?
2
Suppose 2*a - 2*z = 67254, 0 = 20*a - 23*a + 4*z + 100890. What is the thousands digit of a?
3
Let q = 13 - 9. Let d(v) be the first derivative of v**4/4 - 2*v**3/3 - 3*v + 614. What is the tens digit of d(q)?
2
What is the hundreds digit of 339/2*(1 + 8671/69)?
4
Let q(n) = -n + 13 + n**3 - 6 - 11*n**2 + 9. Let x be q(11). Suppose 2*z - 91 = x*c, c + 2*c - 131 = -2*z. What is the tens digit of z?
5
Suppose 0 = -5*h - 4*b + 49, -5*h + 21 + 23 = -b. Let v(m) = 17*m**2 - 14*m + 47. What is the hundreds digit of v(h)?
2
Let 